{"id":32,"date":"2016-02-03T11:40:01","date_gmt":"2016-02-03T11:40:01","guid":{"rendered":"http:\/\/exoten-praxis.de\/?page_id=32"},"modified":"2018-11-02T10:39:32","modified_gmt":"2018-11-02T10:39:32","slug":"vogelmedizin","status":"publish","type":"page","link":"https:\/\/exoten-praxis.de\/?page_id=32","title":{"rendered":"Vogelmedizin"},"content":{"rendered":"<div><div tabindex=\"0\" class=\"cycloneslider cycloneslider-template-standard cycloneslider-width-responsive\" id=\"cycloneslider-voegel-1\" style=\"max-width:1400px\" > <div class=\"cycloneslider-slides cycle-slideshow\" data-cycle-allow-wrap=\"true\" data-cycle-dynamic-height=\"off\" data-cycle-auto-height=\"1400:700\" data-cycle-auto-height-easing=\"null\" data-cycle-auto-height-speed=\"250\" data-cycle-delay=\"0\" data-cycle-easing=\"\" data-cycle-fx=\"fadeout\" data-cycle-hide-non-active=\"true\" data-cycle-log=\"false\" data-cycle-next=\"#cycloneslider-voegel-1 .cycloneslider-next\" data-cycle-pager=\"#cycloneslider-voegel-1 .cycloneslider-pager\" data-cycle-pause-on-hover=\"false\" data-cycle-prev=\"#cycloneslider-voegel-1 .cycloneslider-prev\" data-cycle-slides=\"&gt; div\" data-cycle-speed=\"1500\" data-cycle-swipe=\"false\" data-cycle-tile-count=\"7\" data-cycle-tile-delay=\"100\" data-cycle-tile-vertical=\"true\" data-cycle-timeout=\"8000\" > <div class=\"cycloneslider-slide cycloneslider-slide-image\" > <img decoding=\"async\" src=\"https:\/\/exoten-praxis.de\/wp-content\/uploads\/2016\/02\/Bild-7.jpg\" alt=\"\" title=\"\" \/> <\/div> <div class=\"cycloneslider-slide cycloneslider-slide-image\" > <img decoding=\"async\" src=\"https:\/\/exoten-praxis.de\/wp-content\/uploads\/2016\/02\/Bild-10.jpg\" alt=\"\" title=\"\" \/> <\/div> <div class=\"cycloneslider-slide cycloneslider-slide-image\" > <img decoding=\"async\" src=\"https:\/\/exoten-praxis.de\/wp-content\/uploads\/2016\/02\/Bild-8-1400x700.jpg\" alt=\"\" title=\"\" \/> <\/div> <div class=\"cycloneslider-slide cycloneslider-slide-image\" > <img decoding=\"async\" src=\"https:\/\/exoten-praxis.de\/wp-content\/uploads\/2016\/02\/Bild-5-1400x700.jpg\" alt=\"\" title=\"\" \/> <\/div> <div class=\"cycloneslider-slide cycloneslider-slide-image\" > <img decoding=\"async\" src=\"https:\/\/exoten-praxis.de\/wp-content\/uploads\/2016\/02\/Bild-9-1400x700.jpg\" alt=\"\" title=\"\" \/> <\/div> <div class=\"cycloneslider-slide cycloneslider-slide-image\" > <img decoding=\"async\" src=\"https:\/\/exoten-praxis.de\/wp-content\/uploads\/2016\/02\/Bild-4-1400x700.jpg\" alt=\"\" title=\"\" \/> <\/div> <div class=\"cycloneslider-slide cycloneslider-slide-image\" > <img decoding=\"async\" src=\"https:\/\/exoten-praxis.de\/wp-content\/uploads\/2016\/02\/Bild-6-1400x700.jpg\" alt=\"\" title=\"\" \/> <\/div> <div class=\"cycloneslider-slide cycloneslider-slide-image\" > <img decoding=\"async\" src=\"https:\/\/exoten-praxis.de\/wp-content\/uploads\/2016\/02\/Bild-3-1400x700.jpg\" alt=\"\" title=\"\" \/> <\/div> <div class=\"cycloneslider-slide cycloneslider-slide-image\" > <img decoding=\"async\" src=\"https:\/\/exoten-praxis.de\/wp-content\/uploads\/2016\/02\/Bild-2-1400x700.jpg\" alt=\"\" title=\"\" \/> <\/div> <div class=\"cycloneslider-slide cycloneslider-slide-image\" > <img decoding=\"async\" src=\"https:\/\/exoten-praxis.de\/wp-content\/uploads\/2016\/02\/Bild-1-1400x700.jpg\" alt=\"\" title=\"\" \/> <\/div> <\/div> <\/div><\/div>\n<div>\n<hr \/>\n<\/div>\n<div>\n<h5><span class=\"diyfeDecoration\" style=\"font-size: 14pt;\"><div class=\"su-spacer\" style=\"height:10px\"><\/div><\/span><\/h5>\n<h5><span class=\"diyfeDecoration\" style=\"font-size: 14pt;\"><span style=\"text-decoration: underline;\">Prophylaxema\u00dfnahmen<\/span><div class=\"su-spacer\" style=\"height:10px\"><\/div><\/span><\/h5>\n<\/div>\n<div class=\"n diyfeLiveArea\">\n<h5><span class=\"diyfeDecoration\" style=\"font-size: 14pt;\">Beratung<\/span><\/h5>\n<p style=\"text-align: justify;\"><span class=\"diyfeDecoration\" style=\"font-size: 12pt;\">V\u00f6gel sind zweifelsfrei besondere Tiere, die eine besondere Behandlung ben\u00f6tigen. Dennoch f\u00e4ngt wie bei allen anderen Tieren die medizinische Versorgung von V\u00f6geln bereits vor der Krankheit an. Eine fachkundige Beratung hilft die Haltungsbedingungen zu optimieren und den Vogel gesund zu erhalten. Zu den angebotenen reinen Beratungst\u00e4tigkeiten f\u00fcr den Privathalter und Haltungseinrichtungen z\u00e4hlen:<\/span><span class=\"collapseomatic noarrow\" id=\"id69e1fa472d3da\"  tabindex=\"0\" title=\"  (Leistungen)\"    ><strong>  (Leistungen)<\/strong><\/span><div id=\"target-id69e1fa472d3da\" class=\"collapseomatic_content \">\n<ul style=\"list-style-type: disc; text-align: justify;\">\n<ul style=\"list-style-type: disc; text-align: justify;\">\n<ul style=\"list-style-type: disc; text-align: justify;\">\n<ul style=\"list-style-type: disc; text-align: justify;\">\n<li><span style=\"font-size: 12pt;\">Ern\u00e4hrungsberatung<\/span><\/li>\n<li><span style=\"font-size: 12pt;\">Haltungsberatung<\/span><\/li>\n<li><span style=\"font-size: 12pt;\">Hygieneberatung<\/span><\/li>\n<li><span style=\"font-size: 12pt;\">Zuchtberatung<\/span><\/li>\n<\/ul>\n<\/ul>\n<\/ul>\n<\/ul>\n<\/div>\n<\/div>\n<h5 style=\"text-align: justify;\"><span style=\"font-size: 11pt; font-family: arial,helvetica,sans-serif;\"><div class=\"su-service\"><div class=\"su-service-title\" style=\"padding-left:52px;min-height:38px;line-height:38px\"><i class=\"sui sui-info\" style=\"font-size:38px;color:#6193bd\"><\/i> ROUTINEUNTERSUCHUNG - schon bedacht?<\/div><div class=\"su-service-content su-u-clearfix su-u-trim\" style=\"padding-left:52px\"><div class=\"su-note\"  style=\"border-color:#4779a3;border-radius:1px;-moz-border-radius:1px;-webkit-border-radius:1px;\"><div class=\"su-note-inner su-u-clearfix su-u-trim\" style=\"background-color:#6193bd;border-color:#ffffff;color:#ffffff;border-radius:1px;-moz-border-radius:1px;-webkit-border-radius:1px;\">W\u00e4hrend Hunde und Katzen im Rahmen der j\u00e4hrlichen Impfung gr\u00fcndlich untersucht werden, fehlt diese Routinekontrolle bei unseren V\u00f6geln. Dennoch handelt es sich bei ihnen um Tiere, die besonders von den Haltungsbedingungen abh\u00e4ngig sind. Fehlerhafte Rahmenbedingungen k\u00f6nnen Erkrankungen ausl\u00f6sen, die rechtzeitig in einer Allgemeinuntersuchung durch den spezialisierten Tierarzt erkannt und behandelt werden k\u00f6nnen. <\/div><\/div><\/div><\/div><\/span><\/h5>\n<h5><span class=\"diyfeDecoration\" style=\"font-size: 14pt;\">Vorsorgeuntersuchung<\/span><\/h5>\n<p style=\"text-align: justify;\"><span class=\"diyfeDecoration\" style=\"font-size: 12pt;\">Die Vorsorgeuntersuchung geh\u00f6rt zu den Prophylaxemassnahmen. Gewinnen Sie in regelm\u00e4\u00dfigen Abst\u00e4nden Sicherheit \u00fcber die Gesundheit ihres Tieres durch eine tier\u00e4rztliche Untersuchung. Diese ist umso wichtiger, wenn chronische Vorerkrankungen wie Leberstoffwechselst\u00f6rungen, Rachitis oder auch Infektionserkrankungen wie Aspergillose und PDD bekannt sind. Eine gr\u00fcndliche Allgemeinuntersuchung <\/span><span class=\"diyfeDecoration\" style=\"font-size: 12pt;\">empfiehlt sich dringend <\/span><span class=\"diyfeDecoration\" style=\"font-size: 12pt;\">als Ankaufuntersuchung.<\/span><span class=\"collapseomatic noarrow\" id=\"id69e1fa472d6ef\"  tabindex=\"0\" title=\"  (Leistungen)\"    ><strong>  (Leistungen)<\/strong><\/span><div id=\"target-id69e1fa472d6ef\" class=\"collapseomatic_content \">\n<div class=\"n diyfeLiveArea\">\n<ul>\n<li style=\"text-align: justify;\"><span style=\"font-size: 12pt;\">medizinische Vorsorgeuntersuchung<\/span><\/li>\n<li><span style=\"font-size: 12pt;\">erg\u00e4nzt durch weitere Diagnostik<\/span>\n<ul style=\"text-align: justify;\">\n<li><span style=\"font-size: 12pt;\">R\u00f6ntgendiagnostik<\/span><\/li>\n<li><span style=\"font-size: 12pt;\">Endoskopie<\/span><\/li>\n<li><span style=\"font-size: 12pt;\">Klinische Blutchemie<\/span><\/li>\n<\/ul>\n<ul>\n<ul>\n<ul>\n<li style=\"text-align: justify;\"><span style=\"font-size: 12pt;\">Parasitologische Untersuchung inkl. Megabakterien<\/span><\/li>\n<li style=\"text-align: justify;\"><span style=\"font-size: 12pt;\">Bakteriologie \/ Mykologie<\/span><\/li>\n<li style=\"text-align: justify;\"><span style=\"font-size: 12pt;\">Virus Diagnostik (z.B. PBFD; Polyoma Viren, Borna Viren)<\/span><\/li>\n<\/ul>\n<\/ul>\n<li style=\"text-align: justify;\"><span style=\"font-size: 12pt;\">Mikrochipping<\/span><\/li>\n<\/ul>\n<\/div><\/li>\n<\/ul>\n<\/div>\n<h5 style=\"text-align: justify;\"><div class=\"su-spacer\" style=\"height:15px\"><\/div><\/h5>\n<div><img loading=\"lazy\" decoding=\"async\" id=\"gmedia-image-7\" class=\"gmedia-singlepic alignnone\" title=\"Unbenannt-2\" src=\"https:\/\/exoten-praxis.de\/wp-content\/grand-media\/image\/Unbenannt-2.jpg\" alt=\"Unbenannt-2\" width=\"1400\" height=\"5\" \/><\/div>\n<h5><span class=\"diyfeDecoration\" style=\"font-size: 14pt;\"><span style=\"text-decoration: underline;\">Therapeutischer Service<\/span><div class=\"su-spacer\" style=\"height:10px\"><\/div><\/span><\/h5>\n<h5 style=\"text-align: justify;\"><span style=\"font-size: 14pt;\">Diagnostik und Therapie<\/span><\/h5>\n<p style=\"text-align: justify;\"><span style=\"font-size: 12pt; font-family: arial,helvetica,sans-serif;\">Stellen Sie bei Ihren Pfleglingen akute Krankheitsanzeichen fest, werden die Sprechstunden in modernst ausgestatteten Kleintierpraxen\/Kliniken abgehalten. Hier werden Ihrem Tier tiermedizinische Leistungen auf dem aktuellen Stand der Technik angeboten. Um Ihnen immer die optimale Leistung anbieten zu k\u00f6nnen, braucht es starke Partner. Sollten wir an unsere diagnostischen Grenzen sto\u00dfen, werden die Proben an spezialisierte Labore weitergeleitet.<\/span><span class=\"collapseomatic noarrow\" id=\"id69e1fa472d74b\"  tabindex=\"0\" title=\"  (Leistungen)\"    ><strong>  (Leistungen)<\/strong><\/span><div id=\"target-id69e1fa472d74b\" class=\"collapseomatic_content \">\n<ul style=\"list-style-type: disc;\">\n<ul style=\"list-style-type: disc;\">\n<li><span style=\"font-size: 12pt;\">Allgemeinuntersuchung<\/span><\/li>\n<li><span style=\"font-size: 12pt;\">weiterf\u00fchrende Untersuchungen<\/span>\n<ul>\n<li><span style=\"font-size: 12pt;\">Bildgebende Diagnostik<\/span>\n<ul>\n<li><span style=\"font-size: 12pt;\">V<\/span><span style=\"font-size: 12pt;\">ideoendoskopie<\/span><\/li>\n<li><span style=\"font-size: 12pt;\">digitale R\u00f6ntgentechnik<\/span><\/li>\n<li><span style=\"font-size: 12pt;\">Ultraschalluntersuchungen (Farbdoppler)<br \/>\n<\/span><\/li>\n<\/ul>\n<\/li>\n<li><span style=\"font-size: 12pt;\">Laboruntersuchungen<\/span>\n<ul>\n<li><span style=\"font-size: 12pt;\">Parasitologie<\/span><\/li>\n<li><span style=\"font-size: 12pt;\">Blutchemie<\/span><\/li>\n<li><span style=\"font-size: 12pt;\">Blutbild<\/span><\/li>\n<li><span style=\"font-size: 12pt;\">Bakteriologie<\/span><\/li>\n<li><span style=\"font-size: 12pt;\">Mykologie<\/span><\/li>\n<li><span style=\"font-size: 12pt;\">Virus Diagnostik<\/span><\/li>\n<li><span style=\"font-size: 12pt;\">Sektionen<\/span><\/li>\n<li><span style=\"font-size: 12pt;\">Histologie<\/span><\/li>\n<\/ul>\n<\/li>\n<\/ul>\n<\/li>\n<li><span style=\"font-size: 12pt;\">Weichteil- und Knochenchirurgie<\/span><\/li>\n<\/ul>\n<\/ul>\n<\/div>\n<h5><span style=\"font-size: 14pt;\">Station<\/span><\/h5>\n<p style=\"text-align: justify;\"><span style=\"font-size: 12pt;\">In der Regel werden therapeutische Ma\u00dfnahmen an Ihrem Vogel von Ihnen selbst durchgef\u00fchrt. \u00dc<\/span><span style=\"font-size: 12pt;\">bersteigt<\/span><span style=\"font-size: 12pt;\"> die ben\u00f6tigte Therapie Ihre F\u00e4higkeiten und M\u00f6glichkeiten, steht Ihren Tieren eine Station (u. a. klimatisierte Intensiveinheiten mit Sauerstoffversorgung) zur Verf\u00fcgung. Hier k\u00f6nnen die Tiere unter kontrollierten Bedingungen optimal medizinisch versorgt werden.<\/span><span class=\"collapseomatic noarrow\" id=\"id69e1fa472d777\"  tabindex=\"0\" title=\"  (Leistungen)\"    ><strong>  (Leistungen)<\/strong><\/span><div id=\"target-id69e1fa472d777\" class=\"collapseomatic_content \">\n<ul style=\"list-style-type: disc;\">\n<ul style=\"list-style-type: disc;\">\n<li style=\"text-align: justify;\"><span style=\"font-size: 12pt;\">Standard Station<br \/>\n<\/span><\/li>\n<li style=\"text-align: justify;\"><span style=\"font-size: 12pt;\">Intensivmedizinische Versorgung<\/span><\/li>\n<\/ul>\n<\/ul>\n<\/div>\n<h5 style=\"text-align: justify;\"><span style=\"font-size: 14pt;\">Hausbesuche<\/span><\/h5>\n<p style=\"text-align: justify;\"><span style=\"font-size: 12pt;\">Bei sehr stressempfindlichen V\u00f6geln, gro\u00dfen Best\u00e4nden, zur Haltungsbeurteilung und zur allgemeinen Bestandsbetreuung f\u00fchre ich nach Absprache Hausbesuche durch. Gerne informiere ich Sie \u00fcber die M\u00f6glichkeiten dieser Leistung.<br \/>\n<\/span><\/p>\n<h5 style=\"text-align: justify;\"><span style=\"font-size: 14pt;\">Notfallmedizin<\/span><\/h5>\n<p style=\"text-align: justify;\"><span style=\"font-size: 12pt;\">In den Zeiten von 8:30 bis 21:00 Uhr stehe ich Ihnen auch au\u00dferhalb der Sprechstunde unter der angegeben Notrufnummer zur Verf\u00fcgung. In dringenden F\u00e4llen kann eine medizinische Erstversorgung mit einer station\u00e4ren Unterbringung bis zur Abkl\u00e4rung einer Diagnose und der endg\u00fcltigen Therapie eingeleitet werden.<\/span><\/p>\n<h5><span class=\"diyfeDecoration\" style=\"font-size: 14pt;\"><div class=\"su-spacer\" style=\"height:10px\"><\/div><\/span><\/h5>\n<h5 style=\"text-align: justify;\"><span style=\"font-size: 11pt; font-family: arial,helvetica,sans-serif;\"><div class=\"su-service\"><div class=\"su-service-title\" style=\"padding-left:52px;min-height:38px;line-height:38px\"><i class=\"sui sui-info\" style=\"font-size:38px;color:#6193bd\"><\/i> Notf\u00e4lle - schnell akut <\/div><div class=\"su-service-content su-u-clearfix su-u-trim\" style=\"padding-left:52px\"><div class=\"su-note\"  style=\"border-color:#4779a3;border-radius:1px;-moz-border-radius:1px;-webkit-border-radius:1px;\"><div class=\"su-note-inner su-u-clearfix su-u-trim\" style=\"background-color:#6193bd;border-color:#ffffff;color:#ffffff;border-radius:1px;-moz-border-radius:1px;-webkit-border-radius:1px;\">V\u00f6gel sind von Natur aus darauf ausgerichtet Krankheitssymptome zu verbergen. So wird ein Vogel immer versuchen, gesund zu erscheinen. Dies bedeutet einerseits, dass Sie als Besitzer Ihren Vogel sehr genau beobachten m\u00fcssen, um Anzeichen einer Krankheit festzustellen. Andererseits bedeutet es auch, dass der Vogel, der offensichtliche Symptome zeigt, ernsthaft krank ist. Erschwert wird dieses Verhaltensmuster durch den hohen Stoffwechsel der Tiere. Ein Besuch beim Tierarzt sollte in diesem Fall nicht aufgeschoben werden. <\/div><\/div><\/div><\/div><\/span><\/h5>\n","protected":false},"excerpt":{"rendered":"<p>Prophylaxema\u00dfnahmen Beratung V\u00f6gel sind zweifelsfrei besondere Tiere, die eine besondere Behandlung ben\u00f6tigen. Dennoch f\u00e4ngt wie bei allen anderen Tieren die medizinische Versorgung von V\u00f6geln bereits vor der Krankheit an. Eine fachkundige Beratung hilft die Haltungsbedingungen zu optimieren und den Vogel gesund zu erhalten. Zu den angebotenen reinen Beratungst\u00e4tigkeiten f\u00fcr den Privathalter und Haltungseinrichtungen z\u00e4hlen: Vorsorgeuntersuchung Die Vorsorgeuntersuchung geh\u00f6rt zu den Prophylaxemassnahmen. Gewinnen Sie in regelm\u00e4\u00dfigen Abst\u00e4nden Sicherheit \u00fcber die Gesundheit ihres Tieres durch eine tier\u00e4rztliche Untersuchung. Diese ist umso wichtiger, wenn chronische Vorerkrankungen wie Leberstoffwechselst\u00f6rungen, Rachitis oder auch Infektionserkrankungen wie Aspergillose und PDD bekannt sind. Eine gr\u00fcndliche Allgemeinuntersuchung empfiehlt sich dringend als Ankaufuntersuchung. Therapeutischer Service Diagnostik und Therapie Stellen Sie\u2026<\/p>\n<p class=\"continue-reading-button\"> <a class=\"continue-reading-link\" href=\"https:\/\/exoten-praxis.de\/?page_id=32\">Continue reading<i class=\"crycon-right-dir\"><\/i><\/a><\/p>\n","protected":false},"author":1,"featured_media":0,"parent":0,"menu_order":0,"comment_status":"closed","ping_status":"closed","template":"","meta":{"om_disable_all_campaigns":false,"_monsterinsights_skip_tracking":false,"_monsterinsights_sitenote_active":false,"_monsterinsights_sitenote_note":"","_monsterinsights_sitenote_category":0,"footnotes":""},"class_list":["post-32","page","type-page","status-publish","hentry"],"aioseo_notices":[],"_links":{"self":[{"href":"https:\/\/exoten-praxis.de\/index.php?rest_route=\/wp\/v2\/pages\/32","targetHints":{"allow":["GET"]}}],"collection":[{"href":"https:\/\/exoten-praxis.de\/index.php?rest_route=\/wp\/v2\/pages"}],"about":[{"href":"https:\/\/exoten-praxis.de\/index.php?rest_route=\/wp\/v2\/types\/page"}],"author":[{"embeddable":true,"href":"https:\/\/exoten-praxis.de\/index.php?rest_route=\/wp\/v2\/users\/1"}],"replies":[{"embeddable":true,"href":"https:\/\/exoten-praxis.de\/index.php?rest_route=%2Fwp%2Fv2%2Fcomments&post=32"}],"version-history":[{"count":319,"href":"https:\/\/exoten-praxis.de\/index.php?rest_route=\/wp\/v2\/pages\/32\/revisions"}],"predecessor-version":[{"id":1221,"href":"https:\/\/exoten-praxis.de\/index.php?rest_route=\/wp\/v2\/pages\/32\/revisions\/1221"}],"wp:attachment":[{"href":"https:\/\/exoten-praxis.de\/index.php?rest_route=%2Fwp%2Fv2%2Fmedia&parent=32"}],"curies":[{"name":"wp","href":"https:\/\/api.w.org\/{rel}","templated":true}]}}