{"id":42,"date":"2016-02-03T11:45:58","date_gmt":"2016-02-03T11:45:58","guid":{"rendered":"http:\/\/exoten-praxis.de\/?page_id=42"},"modified":"2016-05-23T08:53:56","modified_gmt":"2016-05-23T08:53:56","slug":"zoofachhandel","status":"publish","type":"page","link":"https:\/\/exoten-praxis.de\/?page_id=42","title":{"rendered":"Bestandsbetreuung und Zoofachhandel"},"content":{"rendered":"<p style=\"text-align: justify;\"><div tabindex=\"0\" class=\"cycloneslider cycloneslider-template-standard cycloneslider-width-responsive\" id=\"cycloneslider-zoofachhandel-1400-x-700-1\" style=\"max-width:1400px\" > <div class=\"cycloneslider-slides cycle-slideshow\" data-cycle-allow-wrap=\"true\" data-cycle-dynamic-height=\"off\" data-cycle-auto-height=\"1400:700\" data-cycle-auto-height-easing=\"null\" data-cycle-auto-height-speed=\"250\" data-cycle-delay=\"0\" data-cycle-easing=\"\" data-cycle-fx=\"fadeout\" data-cycle-hide-non-active=\"true\" data-cycle-log=\"false\" data-cycle-next=\"#cycloneslider-zoofachhandel-1400-x-700-1 .cycloneslider-next\" data-cycle-pager=\"#cycloneslider-zoofachhandel-1400-x-700-1 .cycloneslider-pager\" data-cycle-pause-on-hover=\"false\" data-cycle-prev=\"#cycloneslider-zoofachhandel-1400-x-700-1 .cycloneslider-prev\" data-cycle-slides=\"&gt; div\" data-cycle-speed=\"1500\" data-cycle-swipe=\"false\" data-cycle-tile-count=\"7\" data-cycle-tile-delay=\"100\" data-cycle-tile-vertical=\"true\" data-cycle-timeout=\"8000\" > <div class=\"cycloneslider-slide cycloneslider-slide-image\" > <img decoding=\"async\" src=\"https:\/\/exoten-praxis.de\/wp-content\/uploads\/2016\/02\/Kaoula-pulchra.jpg\" alt=\"\" title=\"\" \/> <\/div> <div class=\"cycloneslider-slide cycloneslider-slide-image\" > <img decoding=\"async\" src=\"https:\/\/exoten-praxis.de\/wp-content\/uploads\/2016\/02\/Meerschweinchen-braun-3-1400x700.jpg\" alt=\"\" title=\"\" \/> <\/div> <div class=\"cycloneslider-slide cycloneslider-slide-image\" > <img decoding=\"async\" src=\"https:\/\/exoten-praxis.de\/wp-content\/uploads\/2016\/02\/Reisfink-weiss-3-1400x700.jpg\" alt=\"\" title=\"\" \/> <\/div> <div class=\"cycloneslider-slide cycloneslider-slide-image\" > <img decoding=\"async\" src=\"https:\/\/exoten-praxis.de\/wp-content\/uploads\/2016\/02\/Dschungarischer-Zwerghamster-2.jpg\" alt=\"\" title=\"\" \/> <\/div> <div class=\"cycloneslider-slide cycloneslider-slide-image\" > <img decoding=\"async\" src=\"https:\/\/exoten-praxis.de\/wp-content\/uploads\/2016\/02\/Testudo-Graeca-ibera-adult.jpg\" alt=\"\" title=\"\" \/> <\/div> <div class=\"cycloneslider-slide cycloneslider-slide-image\" > <img decoding=\"async\" src=\"https:\/\/exoten-praxis.de\/wp-content\/uploads\/2016\/02\/Fettschwanzgerbil-1400x700.jpg\" alt=\"\" title=\"\" \/> <\/div> <div class=\"cycloneslider-slide cycloneslider-slide-image\" > <img decoding=\"async\" src=\"https:\/\/exoten-praxis.de\/wp-content\/uploads\/2016\/02\/Gerbil-braun-stehend-1400x700.jpg\" alt=\"\" title=\"\" \/> <\/div> <div class=\"cycloneslider-slide cycloneslider-slide-image\" > <img decoding=\"async\" src=\"https:\/\/exoten-praxis.de\/wp-content\/uploads\/2016\/02\/Uromastix-ornata.jpg\" alt=\"\" title=\"\" \/> <\/div> <div class=\"cycloneslider-slide cycloneslider-slide-image\" > <img decoding=\"async\" src=\"https:\/\/exoten-praxis.de\/wp-content\/uploads\/2016\/02\/Terrapene-mexiacana-triungis-weiss.jpg\" alt=\"\" title=\"\" \/> <\/div> <div class=\"cycloneslider-slide cycloneslider-slide-image\" > <img decoding=\"async\" src=\"https:\/\/exoten-praxis.de\/wp-content\/uploads\/2016\/02\/Hottentotta-trileneatus-Babies.jpg\" alt=\"\" title=\"\" \/> <\/div> <div class=\"cycloneslider-slide cycloneslider-slide-image\" > <img decoding=\"async\" src=\"https:\/\/exoten-praxis.de\/wp-content\/uploads\/2016\/02\/Phyllium-philippinicum.jpg\" alt=\"\" title=\"\" \/> <\/div> <div class=\"cycloneslider-slide cycloneslider-slide-image\" > <img decoding=\"async\" src=\"https:\/\/exoten-praxis.de\/wp-content\/uploads\/2016\/02\/Furcifer-pardalis-Ambilobe-01-Nachzucht.jpg\" alt=\"\" title=\"\" \/> <\/div> <div class=\"cycloneslider-slide cycloneslider-slide-image\" > <img decoding=\"async\" src=\"https:\/\/exoten-praxis.de\/wp-content\/uploads\/2016\/02\/Madiga-liberina-2-1.jpg\" alt=\"\" title=\"\" \/> <\/div> <div class=\"cycloneslider-slide cycloneslider-slide-image\" > <img decoding=\"async\" src=\"https:\/\/exoten-praxis.de\/wp-content\/uploads\/2016\/02\/Avicularia-spec.-Guyana-1.jpg\" alt=\"\" title=\"\" \/> <\/div> <div class=\"cycloneslider-slide cycloneslider-slide-image\" > <img decoding=\"async\" src=\"https:\/\/exoten-praxis.de\/wp-content\/uploads\/2016\/02\/T-Boa-constrictor-1.jpg\" alt=\"\" title=\"\" \/> <\/div> <div class=\"cycloneslider-slide cycloneslider-slide-image\" > <img decoding=\"async\" src=\"https:\/\/exoten-praxis.de\/wp-content\/uploads\/2016\/02\/Gouldsamadine-Hahn-1400x700.jpg\" alt=\"\" title=\"\" \/> <\/div> <div class=\"cycloneslider-slide cycloneslider-slide-image\" > <img decoding=\"async\" src=\"https:\/\/exoten-praxis.de\/wp-content\/uploads\/2016\/02\/Kinyongia-fisheri.jpg\" alt=\"\" title=\"\" \/> <\/div> <div class=\"cycloneslider-slide cycloneslider-slide-image\" > <img decoding=\"async\" src=\"https:\/\/exoten-praxis.de\/wp-content\/uploads\/2016\/02\/Salamandra-salamandra-galaicia.jpg\" alt=\"\" title=\"\" \/> <\/div> <div class=\"cycloneslider-slide cycloneslider-slide-image\" > <img decoding=\"async\" src=\"https:\/\/exoten-praxis.de\/wp-content\/uploads\/2016\/02\/Grammostola-rosea.jpg\" alt=\"\" title=\"\" \/> <\/div> <\/div> <\/div>\n<hr \/>\n<p style=\"text-align: justify;\"><div class=\"su-spacer\" style=\"height:15px\"><\/div>\n<h5 style=\"text-align: justify;\"><span style=\"text-decoration: underline;\">Zoofachhandel und \u00f6ffentliche Tierhaltungen<\/span><\/h5>\n<p style=\"text-align: justify;\">Egal, ob beim privaten Tierhalter oder im Zoofachgesch\u00e4ft &#8211; in jeder erfolgreichen Tierhaltung ist die Tiergesundheit und deren Erhalt eng mit dem Tierschutz verbunden. Anders als der Privathalter tr\u00e4gt jedoch der zoologische Fachhandel eine besondere Verantwortung und steht f\u00fcr diese im zunehmenden Ma\u00dfe im Fokus der \u00d6ffentlichkeit. Die Beratung, die Tierauswahl und das Zubeh\u00f6rsortiment m\u00fcssen aufeinander abgestimmt sein, um dem Kunden einen sorglosen Start in ein faszinierendes Hobby zu erm\u00f6glichen. In diesem Zusammenhang werden auch andere allgemein zug\u00e4ngliche Tierhaltungen wie zoologische Einrichtungen und Tiergehege vermehrt kritisch beurteilt. Durch ihre \u00f6ffentliche Pr\u00e4senz verbindet diese Haltungen ein besonderer Bedarf an geschulten Mitarbeitern bzw. Pflegern bez\u00fcglich artgerechter Haltung (inkl. Hygiene), Tiergesundheit und vor allem Tierschutz.<div class=\"su-spacer\" style=\"height:15px\"><\/div>\n<h5 style=\"text-align: justify;\"><span style=\"font-size: 11pt; font-family: arial,helvetica,sans-serif;\"><div class=\"su-service\"><div class=\"su-service-title\" style=\"padding-left:52px;min-height:38px;line-height:38px\"><i class=\"sui sui-info\" style=\"font-size:38px;color:#6193bd\"><\/i> Haltungshygiene - ein untersch\u00e4tzter Begriff<\/div><div class=\"su-service-content su-u-clearfix su-u-trim\" style=\"padding-left:52px\"><div class=\"su-note\"  style=\"border-color:#4779a3;border-radius:1px;-moz-border-radius:1px;-webkit-border-radius:1px;\"><div class=\"su-note-inner su-u-clearfix su-u-trim\" style=\"background-color:#6193bd;border-color:#ffffff;color:#ffffff;border-radius:1px;-moz-border-radius:1px;-webkit-border-radius:1px;\">Hygiene wird in der Regel lediglich als Reduktion von krankmachenden Keimen wahrgenommen. Im weiteren Sinne umfasst sie aber alle Bereiche der Verbesserung der psychischen und physischen (Tier-)gesundheit. Somit geh\u00f6ren Haltungsverbesserungen durch Optimierung des Tierbesatzes, Anpassung des Tierbestandes an \u00f6rtlichen Gegebenheiten, Auswahl der Einrichtungsgegenst\u00e4nde und des Tierlieferanten genauso wie die Einhaltung von K\u00e4figgr\u00f6\u00dfen und Reinigungs- sowie Desinfektionsmassnahmen dazu.<\/div><\/div><\/div><\/div><div class=\"su-spacer\" style=\"height:15px\"><\/div><\/span><\/h5>\n<p><img loading=\"lazy\" decoding=\"async\" id=\"gmedia-image-7\" class=\"gmedia-singlepic alignnone\" title=\"Unbenannt-2\" src=\"https:\/\/exoten-praxis.de\/wp-content\/grand-media\/image\/Unbenannt-2.jpg\" alt=\"Unbenannt-2\" width=\"1400\" height=\"5\" \/><\/p>\n<h5 style=\"text-align: justify;\"><span style=\"font-size: 11pt; font-family: arial,helvetica,sans-serif;\"><div class=\"su-spacer\" style=\"height:5px\"><\/div><\/span><\/h5>\n<h5 style=\"text-align: justify;\"><span style=\"text-decoration: underline;\">Leistungsspektrum Tierhaltung<\/span><\/h5>\n<p style=\"text-align: justify;\">Um Ihnen die bestm\u00f6gliche Unterst\u00fctzung in der F\u00fchrung der Tierhaltung zu erm\u00f6glichen, biete ich eine umfassende &#8222;Vor-Ort-Betreuung&#8220; an. Je nach Wunsch endet sie sich nicht nur bei der Kontrolle, Diagnose und Therapie Ihres Tierbestandes. Beratungsleistungen zum Hygienemanegement und zus\u00e4tzliche Leistungen wie das Abhalten von Schulungen und Fortbildungen werden angeboten. <span class=\"collapseomatic noarrow\" id=\"id69deb4d58629d\"  tabindex=\"0\" title=\"  (Leistungen)\"    ><strong>  (Leistungen)<\/strong><\/span><div id=\"target-id69deb4d58629d\" class=\"collapseomatic_content \">\n<ul style=\"list-style-type: disc;\">\n<ul style=\"list-style-type: disc;\">\n<li><span style=\"font-size: 12pt;\">Haltungskontrolle inkl. Beratung<\/span>\n<ul>\n<li><span style=\"font-size: 12pt;\">Beratung Tiereinkauf (Tiergesundheit)<br \/>\n<\/span><\/li>\n<li><span style=\"font-size: 12pt;\">F\u00fctterung<\/span><\/li>\n<li><span style=\"font-size: 12pt;\">Unterbringung<\/span><\/li>\n<li><span style=\"font-size: 12pt;\">Hygienemanagement<\/span><\/li>\n<\/ul>\n<\/li>\n<li><span style=\"font-size: 12pt;\">Allgemeinuntersuchung Einzeltier<\/span><\/li>\n<li><span style=\"font-size: 12pt;\">Bestandsuntersuchung<\/span>\n<ul>\n<li><span style=\"font-size: 12pt;\">weiterf\u00fchrende Untersuchungen<\/span>\n<ul>\n<li><span style=\"font-size: 12pt;\">bildgebende Diagnostik*<\/span><\/li>\n<li><span style=\"font-size: 12pt;\">Laboruntersuchungen<\/span>\n<ul>\n<li><span style=\"font-size: 12pt;\">Parasitologie<\/span><\/li>\n<li><span style=\"font-size: 12pt;\">Bakteriologie*<\/span><\/li>\n<li><span style=\"font-size: 12pt;\">Mykologie*<\/span><\/li>\n<li><span style=\"font-size: 12pt;\">Virus Diagnostik*<\/span><\/li>\n<li><span style=\"font-size: 12pt;\">Sektionen*<\/span><\/li>\n<\/ul>\n<\/li>\n<\/ul>\n<\/li>\n<\/ul>\n<\/li>\n<li><span style=\"font-size: 12pt;\">Einzeltier- und Bestandstherapie<\/span><\/li>\n<li><span style=\"font-size: 12pt;\">Chirurgie* \/ Kastrationen**<\/span><\/li>\n<li><span style=\"font-size: 12pt;\">Konzeption Tierschutz**<\/span>\n<ul>\n<li><span style=\"font-size: 12pt;\">Haltungsmanagement inkl. praktische Umsetzung Haltungsrichtlinien (z.B. TVT)<\/span><\/li>\n<li><span style=\"font-size: 12pt;\">Tiereinkauf (Artauswahl)<\/span><\/li>\n<li><span style=\"font-size: 12pt;\">Tierhaltung<\/span><\/li>\n<li><span style=\"font-size: 12pt;\">Tierpr\u00e4sentation<\/span><\/li>\n<li><span style=\"font-size: 12pt;\">Beratung Zubeh\u00f6r \/ Produktauswahl<\/span><\/li>\n<li><span style=\"font-size: 12pt;\">Verkaufsberatung\/Kundeninformation<\/span><\/li>\n<li><span style=\"font-size: 12pt;\">Schulungen<\/span>\n<ul>\n<li><span style=\"font-size: 12pt;\">Mitarbeiterschulungen<\/span><\/li>\n<li><span style=\"font-size: 12pt;\">Informationsveranstaltungen f\u00fcr Kunden<\/span><\/li>\n<\/ul>\n<\/li>\n<\/ul>\n<\/li>\n<\/ul>\n<\/ul>\n<p><span style=\"font-size: 10pt;\">* bei besonderer medizinischer Indikation\u00a0\u00a0\u00a0\u00a0 ** optionale Sonderleistungen<\/span><\/p>\n<\/div>\n<p>&nbsp;<\/p>\n<p><img loading=\"lazy\" decoding=\"async\" id=\"gmedia-image-7\" class=\"gmedia-singlepic alignnone\" title=\"Unbenannt-2\" src=\"https:\/\/exoten-praxis.de\/wp-content\/grand-media\/image\/Unbenannt-2.jpg\" alt=\"Unbenannt-2\" width=\"1400\" height=\"5\" \/><\/p>\n<p style=\"text-align: center;\"><strong><span style=\"font-size: 12pt;\">Haben Sie Interesse f\u00fcr Ihre Tierhaltung an einer fachkundigen tiermedizinischen Betreuung, so wenden Sie Sich f\u00fcr weitere Informationen an:<\/span><\/strong><\/p>\n<h5 style=\"text-align: center;\"><span style=\"color: #3366ff;\"><strong><span style=\"font-size: 12pt;\"><span style=\"text-decoration: underline;\"><br \/>\n<\/span><span style=\"font-size: 14pt; color: #333399;\">Dr. Helge Behncke<\/span><br \/>\n<span style=\"color: #333399;\"> &#8211; Zusatzbezeichnung Amphibien und Reptilien &#8211;<\/span><br \/>\n<span style=\"color: #333399;\"> &#8211; Zusatzbezeichnung Zier- und Wildv\u00f6gel &#8211;<\/span><br \/>\n<span style=\"color: #333399;\"> E-mail: <a style=\"color: #333399;\" href=\"mailto:info@exoten-praxis.de\">info@exoten-praxis.de<br \/>\n<\/a>Telefon: <\/span><span style=\"text-decoration: underline;\"><span style=\"font-family: arial,helvetica,sans-serif; color: #333399; text-decoration: underline;\">0049-176-97667580<\/span><br \/>\n<\/span><\/span><\/strong><\/span><\/h5>\n<p style=\"text-align: center;\"><span style=\"color: #3366ff;\"><strong><span style=\"font-size: 12pt;\"><div class=\"su-spacer\" style=\"height:30px\"><\/div><\/span><\/strong><\/span><\/p>\n<p style=\"text-align: center;\"><strong><span style=\"font-size: 12pt;\">Sollte das Telefon nicht besetzt sein &#8211; schicken Sie bitte eine SMS oder Email mit Nennung Ihres Namens, Adresse und des Anliegens. Sie werden schnellst m\u00f6glich zur\u00fcckgerufen.<\/span><\/strong><\/p>\n<h5 style=\"text-align: justify;\"><span style=\"font-size: 11pt; font-family: arial,helvetica,sans-serif;\"><div class=\"su-spacer\" style=\"height:15px\"><\/div><\/span><\/h5>\n<hr \/>\n<p style=\"text-align: center;\">\n","protected":false},"excerpt":{"rendered":"<p>Zoofachhandel und \u00f6ffentliche Tierhaltungen Egal, ob beim privaten Tierhalter oder im Zoofachgesch\u00e4ft &#8211; in jeder erfolgreichen Tierhaltung ist die Tiergesundheit und deren Erhalt eng mit dem Tierschutz verbunden. Anders als der Privathalter tr\u00e4gt jedoch der zoologische Fachhandel eine besondere Verantwortung und steht f\u00fcr diese im zunehmenden Ma\u00dfe im Fokus der \u00d6ffentlichkeit. Die Beratung, die Tierauswahl und das Zubeh\u00f6rsortiment m\u00fcssen aufeinander abgestimmt sein, um dem Kunden einen sorglosen Start in ein faszinierendes Hobby zu erm\u00f6glichen. In diesem Zusammenhang werden auch andere allgemein zug\u00e4ngliche Tierhaltungen wie zoologische Einrichtungen und Tiergehege vermehrt kritisch beurteilt. Durch ihre \u00f6ffentliche Pr\u00e4senz verbindet diese Haltungen ein besonderer Bedarf an geschulten Mitarbeitern bzw. Pflegern bez\u00fcglich artgerechter Haltung (inkl.\u2026<\/p>\n<p class=\"continue-reading-button\"> <a class=\"continue-reading-link\" href=\"https:\/\/exoten-praxis.de\/?page_id=42\">Continue reading<i class=\"crycon-right-dir\"><\/i><\/a><\/p>\n","protected":false},"author":1,"featured_media":0,"parent":0,"menu_order":0,"comment_status":"closed","ping_status":"closed","template":"","meta":{"om_disable_all_campaigns":false,"_monsterinsights_skip_tracking":false,"_monsterinsights_sitenote_active":false,"_monsterinsights_sitenote_note":"","_monsterinsights_sitenote_category":0,"footnotes":""},"class_list":["post-42","page","type-page","status-publish","hentry"],"aioseo_notices":[],"_links":{"self":[{"href":"https:\/\/exoten-praxis.de\/index.php?rest_route=\/wp\/v2\/pages\/42","targetHints":{"allow":["GET"]}}],"collection":[{"href":"https:\/\/exoten-praxis.de\/index.php?rest_route=\/wp\/v2\/pages"}],"about":[{"href":"https:\/\/exoten-praxis.de\/index.php?rest_route=\/wp\/v2\/types\/page"}],"author":[{"embeddable":true,"href":"https:\/\/exoten-praxis.de\/index.php?rest_route=\/wp\/v2\/users\/1"}],"replies":[{"embeddable":true,"href":"https:\/\/exoten-praxis.de\/index.php?rest_route=%2Fwp%2Fv2%2Fcomments&post=42"}],"version-history":[{"count":82,"href":"https:\/\/exoten-praxis.de\/index.php?rest_route=\/wp\/v2\/pages\/42\/revisions"}],"predecessor-version":[{"id":1285,"href":"https:\/\/exoten-praxis.de\/index.php?rest_route=\/wp\/v2\/pages\/42\/revisions\/1285"}],"wp:attachment":[{"href":"https:\/\/exoten-praxis.de\/index.php?rest_route=%2Fwp%2Fv2%2Fmedia&parent=42"}],"curies":[{"name":"wp","href":"https:\/\/api.w.org\/{rel}","templated":true}]}}